{"id":106,"date":"2013-06-10T14:31:45","date_gmt":"2013-06-10T13:31:45","guid":{"rendered":"http:\/\/www.malek-boualem.fr\/biz\/?page_id=106"},"modified":"2013-06-10T14:36:29","modified_gmt":"2013-06-10T13:36:29","slug":"universite-aix-marseille","status":"publish","type":"page","link":"https:\/\/www.malek-boualem.fr\/biz\/masters-en-industrie-des-langues\/universite-aix-marseille\/","title":{"rendered":"Universit\u00e9 Aix Marseille"},"content":{"rendered":"<p>Universit\u00e9 d&rsquo;Aix Marseille.<\/p>\n<h2>Master : Master Sciences du Langage, sp\u00e9cialit\u00e9 Traitement Automatique des Langues<\/h2>\n<h3>Objectifs du master et contenu de la formation :<\/h3>\n<p>Cette sp\u00e9cialit\u00e9 du master Sciences du Langage de l&rsquo;Universit\u00e9 d&rsquo;Aix-Marseille (2012-2016)\u00a0 porte une attention particuli\u00e8re aux ressources et aux outils li\u00e9s \u00e0 l&rsquo;ing\u00e9nierie linguistique, en vue de diff\u00e9rentes applications dans le domaine du Traitement Automatique des Langues (TAL).<\/p>\n<p>Co-habilit\u00e9e par deux d\u00e9partements (informatique et linguistique), cette sp\u00e9cialit\u00e9 de master offre de nombreuses possibilit\u00e9s \u00e0 des \u00e9tudiants sensibles aux donn\u00e9es linguistiques et \u00e0 leur manipulation informatique pour le TAL.<\/p>\n<h3>D\u00e9bouch\u00e9s possibles :<\/h3>\n<p>Le master TAL dans son quadriennal 2012-2016 est un master professionnel qui vise \u00e0 donner aux \u00e9tudiants les comp\u00e9tences n\u00e9cessaires pour travailler en tant que linguiste-informaticien dans des entreprises ayant des besoins dans des expertises linguistiques, analyse de contenus, traitement de l&rsquo;information strat\u00e9gique, etc.<\/p>\n<p>Une orientation vers la r\u00e9alisation d&rsquo;un doctorat en traitement automatique des langues, dans l&rsquo;un des deux laboratoires adoss\u00e9s au master, est \u00e9galement envisageable.<\/p>\n<p>M\u00e9tiers vis\u00e9s : ing\u00e9nieur linguiste, chef de projet en linguistique-informatique, concepteur de ressources linguistiques et de logiciels de traitement automatique de langues,\u00a0 chercheur, enseignant-chercheur.<\/p>\n<h3>Conditions d&rsquo;entr\u00e9e :<\/h3>\n<p>Licence Sciences du Langage, LEA, langues.<\/p>\n<p>Licence informatique, MASS (des mises \u00e0 niveau en linguistique sont pr\u00e9vues).<\/p>\n<h3>Contact :<\/h3>\n<p>Laurent Pr\u00e9vot &lt;<a href=\"mailto:laurent.prevot@univ-amu.fr\">laurent.prevot@univ-amu.fr<\/a>&gt;<\/p>\n<p>Maria Paola d&rsquo;Imperio &lt;<a href=\"mailto:mariapaola.dimperio@univ-amu.fr\">mariapaola.dimperio@univ-amu.fr<\/a>&gt;<\/p>\n<h3>URL du master :<\/h3>\n<h2><a href=\"http:\/\/taludam.hypotheses.org\/\" target=\"_blank\">http:\/\/taludam.hypotheses.org\/<\/a><\/h2>\n","protected":false},"excerpt":{"rendered":"<p>Universit\u00e9 d&rsquo;Aix Marseille. Master : Master Sciences du Langage, sp\u00e9cialit\u00e9 Traitement Automatique des Langues Objectifs du master et contenu de la formation : Cette sp\u00e9cialit\u00e9 du master Sciences du Langage de l&rsquo;Universit\u00e9 d&rsquo;Aix-Marseille (2012-2016)\u00a0 porte une attention particuli\u00e8re aux ressources et aux outils li\u00e9s \u00e0 l&rsquo;ing\u00e9nierie linguistique, en vue de diff\u00e9rentes applications dans le domaine [&hellip;]<\/p>\n","protected":false},"author":2,"featured_media":0,"parent":95,"menu_order":0,"comment_status":"closed","ping_status":"closed","template":"","meta":{"footnotes":""},"class_list":["post-106","page","type-page","status-publish","hentry"],"_links":{"self":[{"href":"https:\/\/www.malek-boualem.fr\/biz\/wp-json\/wp\/v2\/pages\/106","targetHints":{"allow":["GET"]}}],"collection":[{"href":"https:\/\/www.malek-boualem.fr\/biz\/wp-json\/wp\/v2\/pages"}],"about":[{"href":"https:\/\/www.malek-boualem.fr\/biz\/wp-json\/wp\/v2\/types\/page"}],"author":[{"embeddable":true,"href":"https:\/\/www.malek-boualem.fr\/biz\/wp-json\/wp\/v2\/users\/2"}],"replies":[{"embeddable":true,"href":"https:\/\/www.malek-boualem.fr\/biz\/wp-json\/wp\/v2\/comments?post=106"}],"version-history":[{"count":0,"href":"https:\/\/www.malek-boualem.fr\/biz\/wp-json\/wp\/v2\/pages\/106\/revisions"}],"up":[{"embeddable":true,"href":"https:\/\/www.malek-boualem.fr\/biz\/wp-json\/wp\/v2\/pages\/95"}],"wp:attachment":[{"href":"https:\/\/www.malek-boualem.fr\/biz\/wp-json\/wp\/v2\/media?parent=106"}],"curies":[{"name":"wp","href":"https:\/\/api.w.org\/{rel}","templated":true}]}}