{"id":48,"date":"2013-05-19T22:03:59","date_gmt":"2013-05-19T21:03:59","guid":{"rendered":"http:\/\/www.malek-boualem.fr\/biz\/?page_id=48"},"modified":"2013-05-20T09:41:13","modified_gmt":"2013-05-20T08:41:13","slug":"syllabs","status":"publish","type":"page","link":"https:\/\/www.malek-boualem.fr\/biz\/quelques-societes-de-taln\/analyse-semantique\/syllabs\/","title":{"rendered":"Syllabs"},"content":{"rendered":"<h1>Syllabs<\/h1>\n<h2>Collecte, analyse et g\u00e9n\u00e9ration de contenus sp\u00e9cialis\u00e9s<\/h2>\n<p>Syllabs est une startup technologique sp\u00e9cialis\u00e9e dans la s\u00e9mantique pour le web.<\/p>\n<p>Gr\u00e2ce \u00e0 une vision simple, une capacit\u00e9 d\u2019innovation forte sur les sujets les plus complexes et de nombreux partenaires, nous avons pu d\u00e9velopper des technologies uniques r\u00e9pondant \u00e0 des besoins pr\u00e9cis du march\u00e9.<\/p>\n<h2><a title=\"Syllabs\" href=\"http:\/\/www.syllabs.fr\/\" target=\"_blank\">http:\/\/www.syllabs.fr\/<\/a><\/h2>\n<p><a title=\"Site .BIZ de Malek Boualem\" href=\"http:\/\/www.malek-boualem.biz\" target=\"_blank\">Malek Boualem<\/a><\/p>\n","protected":false},"excerpt":{"rendered":"<p>Syllabs Collecte, analyse et g\u00e9n\u00e9ration de contenus sp\u00e9cialis\u00e9s Syllabs est une startup technologique sp\u00e9cialis\u00e9e dans la s\u00e9mantique pour le web. Gr\u00e2ce \u00e0 une vision simple, une capacit\u00e9 d\u2019innovation forte sur les sujets les plus complexes et de nombreux partenaires, nous avons pu d\u00e9velopper des technologies uniques r\u00e9pondant \u00e0 des besoins pr\u00e9cis du march\u00e9. http:\/\/www.syllabs.fr\/ Malek [&hellip;]<\/p>\n","protected":false},"author":2,"featured_media":0,"parent":67,"menu_order":0,"comment_status":"closed","ping_status":"closed","template":"","meta":{"footnotes":""},"class_list":["post-48","page","type-page","status-publish","hentry"],"_links":{"self":[{"href":"https:\/\/www.malek-boualem.fr\/biz\/wp-json\/wp\/v2\/pages\/48","targetHints":{"allow":["GET"]}}],"collection":[{"href":"https:\/\/www.malek-boualem.fr\/biz\/wp-json\/wp\/v2\/pages"}],"about":[{"href":"https:\/\/www.malek-boualem.fr\/biz\/wp-json\/wp\/v2\/types\/page"}],"author":[{"embeddable":true,"href":"https:\/\/www.malek-boualem.fr\/biz\/wp-json\/wp\/v2\/users\/2"}],"replies":[{"embeddable":true,"href":"https:\/\/www.malek-boualem.fr\/biz\/wp-json\/wp\/v2\/comments?post=48"}],"version-history":[{"count":0,"href":"https:\/\/www.malek-boualem.fr\/biz\/wp-json\/wp\/v2\/pages\/48\/revisions"}],"up":[{"embeddable":true,"href":"https:\/\/www.malek-boualem.fr\/biz\/wp-json\/wp\/v2\/pages\/67"}],"wp:attachment":[{"href":"https:\/\/www.malek-boualem.fr\/biz\/wp-json\/wp\/v2\/media?parent=48"}],"curies":[{"name":"wp","href":"https:\/\/api.w.org\/{rel}","templated":true}]}}