{"id":60,"date":"2013-05-19T22:47:16","date_gmt":"2013-05-19T21:47:16","guid":{"rendered":"http:\/\/www.malek-boualem.fr\/biz\/?page_id=60"},"modified":"2013-05-20T09:41:56","modified_gmt":"2013-05-20T08:41:56","slug":"systran","status":"publish","type":"page","link":"https:\/\/www.malek-boualem.fr\/biz\/quelques-societes-de-taln\/traduction-automatique\/systran\/","title":{"rendered":"Systran"},"content":{"rendered":"<h2>SYSTRAN : Leader mondial des technologies de traduction automatique<\/h2>\n<p>SYSTRAN est le leader mondial des technologies de traduction automatique. Ses solutions et ses produits innovants facilitent la communication multilingue des entreprises et des particuliers.<\/p>\n<p>Les logiciels SYSTRAN traduisent instantan\u00e9ment en 52 paires de langues pour comprendre et publier tous types de contenus. L\u2019utilisation des produits et solutions SYSTRAN am\u00e9liore l\u2019efficacit\u00e9 et la productivit\u00e9 des entreprises dans de nombreux domaines.<\/p>\n<p>En 2009, SYSTRAN a mis sur le march\u00e9 le premier moteur de traduction hybride qui combine les qualit\u00e9s de la technologie \u00e0 base de r\u00e8gles linguistiques au traitement statistique, pour l\u2019apprentissage automatique \u00e0 partir de textes d\u00e9j\u00e0 traduits et valid\u00e9s. Dans la mesure o\u00f9 cette approche combine les avantages de la technologie linguistique aux m\u00e9thodes statistiques, le logiciel peut apprendre automatiquement les traductions existantes et valid\u00e9es. La solution de traduction automatique hybride SYSTRAN est simple et facile \u00e0 personnaliser. Les logiciels de traduction SYSTRAN sont facilement et rapidement personnalisables \u00e0 un domaine sp\u00e9cifique gr\u00e2ce \u00e0 des techniques d\u2019apprentissage automatique, et peuvent atteindre une qualit\u00e9 de traduction \u00e9lev\u00e9e pour un co\u00fbt r\u00e9duit.<\/p>\n<p>Depuis plus de quarante ans, SYSTRAN est la technologie choisie par les grandes entreprises (Symantec, Cisco, EADS), les portails Internet et les administrations (US Department of Defense).<\/p>\n<p>SYSTRAN a son si\u00e8ge social \u00e0 Paris (France) et une filiale \u00e0 San Diego en Californie (Etats-Unis).<\/p>\n<p>SYSTRAN (Code ISIN FR0004109197, Bloomberg : SYST NM, Reuters : SYTN.LN) est cot\u00e9 sur le compartiment C d\u2019Euronext Paris.<\/p>\n<h2><a title=\"systran\" href=\"http:\/\/www.systran.fr\/\" target=\"_blank\">http:\/\/www.systran.fr\/<\/a><\/h2>\n<p><a title=\"Site .BIZ de Malek Boualem\" href=\"http:\/\/www.malek-boualem.biz\" target=\"_blank\">Malek Boualem<\/a><\/p>\n","protected":false},"excerpt":{"rendered":"<p>SYSTRAN : Leader mondial des technologies de traduction automatique SYSTRAN est le leader mondial des technologies de traduction automatique. Ses solutions et ses produits innovants facilitent la communication multilingue des entreprises et des particuliers. Les logiciels SYSTRAN traduisent instantan\u00e9ment en 52 paires de langues pour comprendre et publier tous types de contenus. L\u2019utilisation des produits [&hellip;]<\/p>\n","protected":false},"author":2,"featured_media":0,"parent":64,"menu_order":0,"comment_status":"closed","ping_status":"closed","template":"","meta":{"footnotes":""},"class_list":["post-60","page","type-page","status-publish","hentry"],"_links":{"self":[{"href":"https:\/\/www.malek-boualem.fr\/biz\/wp-json\/wp\/v2\/pages\/60","targetHints":{"allow":["GET"]}}],"collection":[{"href":"https:\/\/www.malek-boualem.fr\/biz\/wp-json\/wp\/v2\/pages"}],"about":[{"href":"https:\/\/www.malek-boualem.fr\/biz\/wp-json\/wp\/v2\/types\/page"}],"author":[{"embeddable":true,"href":"https:\/\/www.malek-boualem.fr\/biz\/wp-json\/wp\/v2\/users\/2"}],"replies":[{"embeddable":true,"href":"https:\/\/www.malek-boualem.fr\/biz\/wp-json\/wp\/v2\/comments?post=60"}],"version-history":[{"count":0,"href":"https:\/\/www.malek-boualem.fr\/biz\/wp-json\/wp\/v2\/pages\/60\/revisions"}],"up":[{"embeddable":true,"href":"https:\/\/www.malek-boualem.fr\/biz\/wp-json\/wp\/v2\/pages\/64"}],"wp:attachment":[{"href":"https:\/\/www.malek-boualem.fr\/biz\/wp-json\/wp\/v2\/media?parent=60"}],"curies":[{"name":"wp","href":"https:\/\/api.w.org\/{rel}","templated":true}]}}