{"id":62,"date":"2013-05-19T22:54:25","date_gmt":"2013-05-19T21:54:25","guid":{"rendered":"http:\/\/www.malek-boualem.fr\/biz\/?page_id=62"},"modified":"2013-05-20T09:40:18","modified_gmt":"2013-05-20T08:40:18","slug":"softissimo","status":"publish","type":"page","link":"https:\/\/www.malek-boualem.fr\/biz\/quelques-societes-de-taln\/traduction-automatique\/softissimo\/","title":{"rendered":"Softissimo"},"content":{"rendered":"<p>Reverso-Softissimo est un <b>concepteur et int\u00e9grateur de solutions linguistiques<\/b> pour les grandes entreprises multinationales, les gouvernements et le grand public.<\/p>\n<p>Toutes les solutions peuvent \u00eatre adapt\u00e9es aux besoins sp\u00e9cifiques des clients.<\/p>\n<p>L&rsquo;entreprise s&rsquo;appuie sur une \u00e9quipe d&rsquo;experts dans le monde: <b>chercheurs et consultants de haut niveau, enseignants et linguistes<\/b>. Le succ\u00e8s de nos solutions vient pr\u00e9cis\u00e9ment de la parfaite ad\u00e9quation entre les solutions technologiques que nous d\u00e9veloppons et les besoins de nos clients.<\/p>\n<p>Nos solutions sont adapt\u00e9es au besoin du client, aussi bien dans leur <b>int\u00e9gration <\/b>que dans la <b>personnalisation des outils<\/b> (langues utilis\u00e9es, technologies, impl\u00e9mentation).<\/p>\n<ul>\n<li><b>+ de 200 combinaisons<\/b> de langues possibles<\/li>\n<li><b>+ de 200 grandes entreprises <\/b> font confiance \u00e0 Reverso<\/li>\n<li><b>+ de 5 millions d&rsquo;utilisateurs<\/b> en entreprise utilisent la traduction Reverso chaque jour<\/li>\n<li><b>+ de 4 millions de mots<\/b> disponibles dans 20 dictionnaires bilingues ou monolingues<\/li>\n<li><b>+ de 100 millions de traductions<\/b> sont effectu\u00e9es chaque mois \u00e0 l&rsquo;aide des outils Reverso<\/li>\n<\/ul>\n<h2><a title=\"softissimo\" href=\"http:\/\/reverso.softissimo.com\/fr\/\" target=\"_blank\">http:\/\/reverso.softissimo.com\/fr\/<\/a><\/h2>\n<p><a title=\"Site .BIZ de Malek Boualem\" href=\"http:\/\/www.malek-boualem.biz\" target=\"_blank\">Malek Boualem<\/a><\/p>\n","protected":false},"excerpt":{"rendered":"<p>Reverso-Softissimo est un concepteur et int\u00e9grateur de solutions linguistiques pour les grandes entreprises multinationales, les gouvernements et le grand public. Toutes les solutions peuvent \u00eatre adapt\u00e9es aux besoins sp\u00e9cifiques des clients. L&rsquo;entreprise s&rsquo;appuie sur une \u00e9quipe d&rsquo;experts dans le monde: chercheurs et consultants de haut niveau, enseignants et linguistes. Le succ\u00e8s de nos solutions vient [&hellip;]<\/p>\n","protected":false},"author":2,"featured_media":0,"parent":64,"menu_order":0,"comment_status":"closed","ping_status":"closed","template":"","meta":{"footnotes":""},"class_list":["post-62","page","type-page","status-publish","hentry"],"_links":{"self":[{"href":"https:\/\/www.malek-boualem.fr\/biz\/wp-json\/wp\/v2\/pages\/62","targetHints":{"allow":["GET"]}}],"collection":[{"href":"https:\/\/www.malek-boualem.fr\/biz\/wp-json\/wp\/v2\/pages"}],"about":[{"href":"https:\/\/www.malek-boualem.fr\/biz\/wp-json\/wp\/v2\/types\/page"}],"author":[{"embeddable":true,"href":"https:\/\/www.malek-boualem.fr\/biz\/wp-json\/wp\/v2\/users\/2"}],"replies":[{"embeddable":true,"href":"https:\/\/www.malek-boualem.fr\/biz\/wp-json\/wp\/v2\/comments?post=62"}],"version-history":[{"count":0,"href":"https:\/\/www.malek-boualem.fr\/biz\/wp-json\/wp\/v2\/pages\/62\/revisions"}],"up":[{"embeddable":true,"href":"https:\/\/www.malek-boualem.fr\/biz\/wp-json\/wp\/v2\/pages\/64"}],"wp:attachment":[{"href":"https:\/\/www.malek-boualem.fr\/biz\/wp-json\/wp\/v2\/media?parent=62"}],"curies":[{"name":"wp","href":"https:\/\/api.w.org\/{rel}","templated":true}]}}