{"id":92,"date":"2013-05-20T20:49:21","date_gmt":"2013-05-20T19:49:21","guid":{"rendered":"http:\/\/www.malek-boualem.fr\/biz\/?page_id=92"},"modified":"2015-06-14T16:45:12","modified_gmt":"2015-06-14T15:45:12","slug":"prix-distinctions","status":"publish","type":"page","link":"https:\/\/www.malek-boualem.fr\/biz\/","title":{"rendered":"Prix et distinctions"},"content":{"rendered":"<h2>\u00a0<a href=\"http:\/\/www.malek-boualem.fr\/biz\/wp-content\/uploads\/sites\/5\/2013\/05\/malek.gif\"><img loading=\"lazy\" decoding=\"async\" class=\"alignnone size-medium wp-image-150\" src=\"http:\/\/www.malek-boualem.fr\/biz\/wp-content\/uploads\/sites\/5\/2013\/05\/malek-203x300.gif\" alt=\"malek\" width=\"203\" height=\"300\" \/><\/a><\/h2>\n<h2>Prix CNRS\/ANVIE 1996 pour <a title=\"Site .BIZ de Malek Boualem\" href=\"http:\/\/www.malek-boualem.biz\" target=\"_blank\">Malek Boualem<\/a> et St\u00e9phane Hari\u00e9<\/h2>\n<p>Le prix\u00a0 <strong>CNRS\/ANVIE 1996<\/strong> pour la valorisation de la recherche scientifique a \u00e9t\u00e9 attribu\u00e9 \u00e0 <strong><a title=\"Site .BIZ de Malek Boualem\" href=\"http:\/\/www.malek-boualem.biz\" target=\"_blank\">Malek Boualem<\/a><\/strong> et <strong>St\u00e9phane Hari\u00e9<\/strong> pour le co-d\u00e9veloppement et la diffusion tr\u00e8s large de l\u2019\u00e9diteur de texte multilingue <strong><a title=\"MtScript\" href=\"https:\/\/web.archive.org\/web\/20070703192558\/http:\/aune.lpl.univ-aix.fr\/projects\/multext\/MtScript\/\" target=\"_blank\">MtScript<\/a>.<\/strong><\/p>\n<p>Andr\u00e9 Kaspi, directeur du D\u00e9partement des Sciences de l\u2019Homme et de la Soci\u00e9t\u00e9 du CNRS et Bertand Collomb, pr\u00e9sident de l\u2019ANVIE et de Lafarge, ont remis le prix CNRS-ANVIE de la Valorisation 1996 \u00e0 <a title=\"Site .BIZ de Malek Boualem\" href=\"http:\/\/www.malek-boualem.biz\" target=\"_blank\">Malek Boualem<\/a> et St\u00e9phane Hari\u00e9 du Laboratoire Parole et Langage, (CNRS- Universit\u00e9 de Provence \u00e0 Aix-en-Provence) pour <strong>MtScript<\/strong>, un logiciel \u00e9diteur de textes multilingue, le 27 janvier 1997 \u00e0 18 heures au CNRS, Salle Jean Perrin, en pr\u00e9sence de Guy Aubert, directeur g\u00e9n\u00e9ral du CNRS.<\/p>\n<h4><a href=\"https:\/\/web.archive.org\/web\/20071024223914\/http:\/\/aune.lpl.univ-aix.fr\/lpl\/evenements\/anvie\/anvie.htm\" target=\"_blank\">https:\/\/web.archive.org\/web\/20071024223914\/http:\/\/aune.lpl.univ-aix.fr\/lpl\/evenements\/anvie\/anvie.htm<\/a><\/h4>\n","protected":false},"excerpt":{"rendered":"<p>\u00a0 Prix CNRS\/ANVIE 1996 pour Malek Boualem et St\u00e9phane Hari\u00e9 Le prix\u00a0 CNRS\/ANVIE 1996 pour la valorisation de la recherche scientifique a \u00e9t\u00e9 attribu\u00e9 \u00e0 Malek Boualem et St\u00e9phane Hari\u00e9 pour le co-d\u00e9veloppement et la diffusion tr\u00e8s large de l\u2019\u00e9diteur de texte multilingue MtScript. Andr\u00e9 Kaspi, directeur du D\u00e9partement des Sciences de l\u2019Homme et de [&hellip;]<\/p>\n","protected":false},"author":2,"featured_media":0,"parent":0,"menu_order":0,"comment_status":"closed","ping_status":"closed","template":"","meta":{"footnotes":""},"class_list":["post-92","page","type-page","status-publish","hentry"],"_links":{"self":[{"href":"https:\/\/www.malek-boualem.fr\/biz\/wp-json\/wp\/v2\/pages\/92","targetHints":{"allow":["GET"]}}],"collection":[{"href":"https:\/\/www.malek-boualem.fr\/biz\/wp-json\/wp\/v2\/pages"}],"about":[{"href":"https:\/\/www.malek-boualem.fr\/biz\/wp-json\/wp\/v2\/types\/page"}],"author":[{"embeddable":true,"href":"https:\/\/www.malek-boualem.fr\/biz\/wp-json\/wp\/v2\/users\/2"}],"replies":[{"embeddable":true,"href":"https:\/\/www.malek-boualem.fr\/biz\/wp-json\/wp\/v2\/comments?post=92"}],"version-history":[{"count":0,"href":"https:\/\/www.malek-boualem.fr\/biz\/wp-json\/wp\/v2\/pages\/92\/revisions"}],"wp:attachment":[{"href":"https:\/\/www.malek-boualem.fr\/biz\/wp-json\/wp\/v2\/media?parent=92"}],"curies":[{"name":"wp","href":"https:\/\/api.w.org\/{rel}","templated":true}]}}