{"id":53,"date":"2013-04-03T13:42:33","date_gmt":"2013-04-03T12:42:33","guid":{"rendered":"http:\/\/www.malek-boualem.fr\/com\/?page_id=53"},"modified":"2015-05-05T11:53:05","modified_gmt":"2015-05-05T10:53:05","slug":"la-communication","status":"publish","type":"page","link":"https:\/\/www.malek-boualem.fr\/com\/la-communication\/","title":{"rendered":"La communication"},"content":{"rendered":"<p><a href=\"http:\/\/www.malek-boualem.fr\/com\/wp-content\/uploads\/sites\/3\/2013\/04\/malek_conf_taln_18mai2001_3.jpg\"><img loading=\"lazy\" decoding=\"async\" class=\"alignnone size-medium wp-image-114\" src=\"http:\/\/www.malek-boualem.fr\/com\/wp-content\/uploads\/sites\/3\/2013\/04\/malek_conf_taln_18mai2001_3-300x225.jpg\" alt=\"malek_conf_taln_18mai2001_3\" width=\"300\" height=\"225\" srcset=\"https:\/\/www.malek-boualem.fr\/com\/wp-content\/uploads\/sites\/3\/2013\/04\/malek_conf_taln_18mai2001_3-300x225.jpg 300w, https:\/\/www.malek-boualem.fr\/com\/wp-content\/uploads\/sites\/3\/2013\/04\/malek_conf_taln_18mai2001_3-1024x768.jpg 1024w, https:\/\/www.malek-boualem.fr\/com\/wp-content\/uploads\/sites\/3\/2013\/04\/malek_conf_taln_18mai2001_3-624x468.jpg 624w, https:\/\/www.malek-boualem.fr\/com\/wp-content\/uploads\/sites\/3\/2013\/04\/malek_conf_taln_18mai2001_3.jpg 1280w\" sizes=\"auto, (max-width: 300px) 100vw, 300px\" \/><\/a><\/p>\n<p><span style=\"color: #0000ff;\"><strong>Source WIKIPEDIA<\/strong><\/span><\/p>\n<p>La <b>communication<\/b> se d\u00e9finit comme \u00e9tant\u00a0l&rsquo;action de communiquer, d&rsquo;\u00e9tablir une relation avec autrui, de transmettre quelque chose \u00e0 quelqu&rsquo;un. La communication peut aussi d\u00e9signer l&rsquo;ensemble des moyens et <a title=\"Technique\" href=\"http:\/\/fr.wikipedia.org\/wiki\/Technique\">techniques<\/a> permettant la diffusion d&rsquo;un message aupr\u00e8s d&rsquo;une audience plus ou moins vaste et h\u00e9t\u00e9rog\u00e8ne ou l&rsquo;action pour quelqu&rsquo;un ou une organisation d&rsquo;informer et de promouvoir son activit\u00e9 aupr\u00e8s d&rsquo;autrui, d&rsquo;entretenir son image, par tout proc\u00e9d\u00e9 m\u00e9diatique.<\/p>\n<p>La communication concerne aussi bien l&rsquo;\u00eatre humain (communication interpersonnelle, groupale\u2026), l&rsquo;animal, la plante (communication intra- ou inter- esp\u00e8ces) ou la machine (t\u00e9l\u00e9communications, nouvelles technologies\u2026), ainsi que leurs hybrides\u00a0: homme-animal; hommes-technologies\u2026 C&rsquo;est en fait, une science partag\u00e9e par plusieurs disciplines qui ne r\u00e9pond pas \u00e0 une d\u00e9finition unique.<\/p>\n<p>Et si tout le monde s&rsquo;accorde pour la d\u00e9finir \u00e0 minima comme un <i>processus<\/i>, les points de vue divergent lorsqu&rsquo;il s&rsquo;agit de la qualifier.<\/p>\n<ol>\n<li>Les \u00ab\u00a0Sciences de l&rsquo;information et de la communication\u00a0\u00bb, proposent une approche de la communication centr\u00e9e sur la transmission d&rsquo;informations. Dans ce cadre, la communication \u00e9tudie aussi bien \u00e0 l&rsquo;interaction homme-machine que les processus psychiques de transmission de connaissances (avec l&rsquo;appui des sciences cognitives).<\/li>\n<li>La <a title=\"Psychosociologie\" href=\"http:\/\/fr.wikipedia.org\/wiki\/Psychosociologie\">psychosociologie<\/a> s&rsquo;int\u00e9resse essentiellement \u00e0 la communication interpersonnelle (duelle, triadique ou groupale). La communication -vue comme un syst\u00e8me complexe- concerne tout ce qui se passe lorsque des individus entrent en interaction . Les processus cognitifs, affectifs et inconscients sont pris en compte. Dans cette optique, les informations transmises sont toujours multiples, que la transmission d&rsquo;informations n&rsquo;est qu&rsquo;une partie du processus de communication et que diff\u00e9rents niveaux de sens circulent simultan\u00e9ment.<\/li>\n<li>La <a title=\"Psychanalyse\" href=\"http:\/\/fr.wikipedia.org\/wiki\/Psychanalyse\">psychanalyse<\/a> traite de la communication intra-psychique.<\/li>\n<\/ol>\n<h2><a title=\"Site .COM de Malek Boualem\" href=\"http:\/\/www.malek-boualem.com\" target=\"_blank\">Malek Boualem<\/a><\/h2>\n","protected":false},"excerpt":{"rendered":"<p>Source WIKIPEDIA La communication se d\u00e9finit comme \u00e9tant\u00a0l&rsquo;action de communiquer, d&rsquo;\u00e9tablir une relation avec autrui, de transmettre quelque chose \u00e0 quelqu&rsquo;un. La communication peut aussi d\u00e9signer l&rsquo;ensemble des moyens et techniques permettant la diffusion d&rsquo;un message aupr\u00e8s d&rsquo;une audience plus ou moins vaste et h\u00e9t\u00e9rog\u00e8ne ou l&rsquo;action pour quelqu&rsquo;un ou une organisation d&rsquo;informer et de [&hellip;]<\/p>\n","protected":false},"author":2,"featured_media":0,"parent":0,"menu_order":0,"comment_status":"closed","ping_status":"closed","template":"","meta":{"footnotes":""},"class_list":["post-53","page","type-page","status-publish","hentry"],"_links":{"self":[{"href":"https:\/\/www.malek-boualem.fr\/com\/wp-json\/wp\/v2\/pages\/53","targetHints":{"allow":["GET"]}}],"collection":[{"href":"https:\/\/www.malek-boualem.fr\/com\/wp-json\/wp\/v2\/pages"}],"about":[{"href":"https:\/\/www.malek-boualem.fr\/com\/wp-json\/wp\/v2\/types\/page"}],"author":[{"embeddable":true,"href":"https:\/\/www.malek-boualem.fr\/com\/wp-json\/wp\/v2\/users\/2"}],"replies":[{"embeddable":true,"href":"https:\/\/www.malek-boualem.fr\/com\/wp-json\/wp\/v2\/comments?post=53"}],"version-history":[{"count":0,"href":"https:\/\/www.malek-boualem.fr\/com\/wp-json\/wp\/v2\/pages\/53\/revisions"}],"wp:attachment":[{"href":"https:\/\/www.malek-boualem.fr\/com\/wp-json\/wp\/v2\/media?parent=53"}],"curies":[{"name":"wp","href":"https:\/\/api.w.org\/{rel}","templated":true}]}}