{"id":73,"date":"2013-04-12T11:28:28","date_gmt":"2013-04-12T10:28:28","guid":{"rendered":"http:\/\/www.malek-boualem.fr\/com\/?page_id=73"},"modified":"2015-02-01T11:08:45","modified_gmt":"2015-02-01T10:08:45","slug":"transat","status":"publish","type":"page","link":"https:\/\/www.malek-boualem.fr\/com\/realisations-marquantes\/transat\/","title":{"rendered":"TRANSAT"},"content":{"rendered":"<header>\n<h1>TRANSAT<\/h1>\n<\/header>\n<div>\n<h2>TRANSAT : Tanslation of Speech and Text<\/h2>\n<p>TRANSAT (2004-2007) fut un projet de recherche r\u00e9ussi qui avait permis de d\u00e9monter la faisabilit\u00e9 d\u2019une traduction automatique multimodale sur des petits terminaux mobiles (traduction de texte \u00e0 saisir ou choix dans un livre de phrases et traduction de l\u2019oral). Ce projet avait permis de coupler finement plusieurs technologies du langage : reconnaissance de la parole, synth\u00e8se de la parole, traduction automatique \u00e0 base de r\u00e8gles, traduction statistique et technologie d\u2019animation d\u2019avatars.<\/p>\n<h2>Chef de projet : <a title=\"Site .COM de Malek Boualem\" href=\"http:\/\/www.malek-boualem.com\" target=\"_blank\">Malek Boualem<\/a><\/h2>\n<h2>Laboratoires de France Telecom Orange Labs<\/h2>\n<\/div>\n","protected":false},"excerpt":{"rendered":"<p>TRANSAT TRANSAT : Tanslation of Speech and Text TRANSAT (2004-2007) fut un projet de recherche r\u00e9ussi qui avait permis de d\u00e9monter la faisabilit\u00e9 d\u2019une traduction automatique multimodale sur des petits terminaux mobiles (traduction de texte \u00e0 saisir ou choix dans un livre de phrases et traduction de l\u2019oral). Ce projet avait permis de coupler finement [&hellip;]<\/p>\n","protected":false},"author":2,"featured_media":0,"parent":71,"menu_order":0,"comment_status":"closed","ping_status":"closed","template":"","meta":{"footnotes":""},"class_list":["post-73","page","type-page","status-publish","hentry"],"_links":{"self":[{"href":"https:\/\/www.malek-boualem.fr\/com\/wp-json\/wp\/v2\/pages\/73","targetHints":{"allow":["GET"]}}],"collection":[{"href":"https:\/\/www.malek-boualem.fr\/com\/wp-json\/wp\/v2\/pages"}],"about":[{"href":"https:\/\/www.malek-boualem.fr\/com\/wp-json\/wp\/v2\/types\/page"}],"author":[{"embeddable":true,"href":"https:\/\/www.malek-boualem.fr\/com\/wp-json\/wp\/v2\/users\/2"}],"replies":[{"embeddable":true,"href":"https:\/\/www.malek-boualem.fr\/com\/wp-json\/wp\/v2\/comments?post=73"}],"version-history":[{"count":0,"href":"https:\/\/www.malek-boualem.fr\/com\/wp-json\/wp\/v2\/pages\/73\/revisions"}],"up":[{"embeddable":true,"href":"https:\/\/www.malek-boualem.fr\/com\/wp-json\/wp\/v2\/pages\/71"}],"wp:attachment":[{"href":"https:\/\/www.malek-boualem.fr\/com\/wp-json\/wp\/v2\/media?parent=73"}],"curies":[{"name":"wp","href":"https:\/\/api.w.org\/{rel}","templated":true}]}}