{"id":124,"date":"2013-04-14T12:13:05","date_gmt":"2013-04-14T11:13:05","guid":{"rendered":"http:\/\/www.malek-boualem.fr\/info\/?page_id=124"},"modified":"2016-07-29T18:07:10","modified_gmt":"2016-07-29T17:07:10","slug":"introduction-a-la-langue-arabe","status":"publish","type":"page","link":"https:\/\/www.malek-boualem.fr\/info\/arabic-language-processing\/introduction-a-la-langue-arabe\/","title":{"rendered":"Introduction \u00e0 la langue arabe"},"content":{"rendered":"<h2><span style=\"color: #0000ff;\"><strong>Source WIKIPEDIA<\/strong><\/span><\/h2>\n<p><strong>L\u2019arabe<\/strong><sup id=\"cite_ref-3\"><a href=\"http:\/\/fr.wikipedia.org\/wiki\/Arabe#cite_note-3\">3<\/a><\/sup> (\u0627\u0644\u0639\u0631\u0628\u064a\u0629, <i>al \u02bfarab\u012bya<\/i><sup id=\"cite_ref-4\"><a href=\"http:\/\/fr.wikipedia.org\/wiki\/Arabe#cite_note-4\">4<\/a><\/sup>) est une langue originaire de la <a title=\"Arabie\" href=\"http:\/\/fr.wikipedia.org\/wiki\/Arabie\">p\u00e9ninsule Arabique<\/a>. L&rsquo;expansion territoriale au <a title=\"Moyen \u00c2ge\" href=\"http:\/\/fr.wikipedia.org\/wiki\/Moyen_%C3%82ge\">Moyen \u00c2ge<\/a> et la diffusion du <a title=\"Coran\" href=\"http:\/\/fr.wikipedia.org\/wiki\/Coran\">Coran<\/a> r\u00e9pandent la <b>langue arabe<\/b>, devenue langue liturgique de l&rsquo;<a title=\"Islam\" href=\"http:\/\/fr.wikipedia.org\/wiki\/Islam\">islam<\/a>, en <a title=\"Asie\" href=\"http:\/\/fr.wikipedia.org\/wiki\/Asie\">Asie<\/a> (<a title=\"Moyen-Orient\" href=\"http:\/\/fr.wikipedia.org\/wiki\/Moyen-Orient\">Moyen-Orient<\/a> et <a title=\"Proche-Orient\" href=\"http:\/\/fr.wikipedia.org\/wiki\/Proche-Orient\">Proche-Orient<\/a>), en <a title=\"Afrique du Nord\" href=\"http:\/\/fr.wikipedia.org\/wiki\/Afrique_du_Nord\">Afrique du Nord<\/a> et en <a title=\"Europe\" href=\"http:\/\/fr.wikipedia.org\/wiki\/Europe\">Europe<\/a> (<a title=\"Chypre\" href=\"http:\/\/fr.wikipedia.org\/wiki\/Chypre\">Chypre<\/a>, <a title=\"Cr\u00e8te\" href=\"http:\/\/fr.wikipedia.org\/wiki\/Cr%C3%A8te\">Cr\u00e8te<\/a>, <a title=\"Al-Andalus\" href=\"http:\/\/fr.wikipedia.org\/wiki\/Al-Andalus\">P\u00e9ninsule ib\u00e9rique<\/a>, <a title=\"Malte\" href=\"http:\/\/fr.wikipedia.org\/wiki\/Malte\">Malte<\/a> et <a title=\"Sicile\" href=\"http:\/\/fr.wikipedia.org\/wiki\/Sicile\">Sicile<\/a>). Parl\u00e9e d&rsquo;abord par les <a title=\"Arabes\" href=\"http:\/\/fr.wikipedia.org\/wiki\/Arabes\">Arabes<\/a>, cette <a title=\"Langues s\u00e9mitiques\" href=\"http:\/\/fr.wikipedia.org\/wiki\/Langues_s%C3%A9mitiques\">langue s\u00e9mitique<\/a><sup id=\"cite_ref-5\"><a href=\"http:\/\/fr.wikipedia.org\/wiki\/Arabe#cite_note-5\">5<\/a><\/sup> qui se d\u00e9ploie g\u00e9ographiquement sur plusieurs continents s&rsquo;\u00e9tend sociologiquement \u00e0 des peuples non arabes, et devient aujourd&rsquo;hui langue officielle de plusieurs organismes internationaux.<\/p>\n<p>La <a title=\"Diglossie\" href=\"http:\/\/fr.wikipedia.org\/wiki\/Diglossie\">diglossie<\/a> est un caract\u00e8re de la langue arabe qui permet de distinguer l&rsquo;arabe <a title=\"Langue vernaculaire\" href=\"http:\/\/fr.wikipedia.org\/wiki\/Langue_vernaculaire\">vernaculaire<\/a> et l&rsquo;arabe litt\u00e9raire. Le niveau de langue litt\u00e9raire comprend l&rsquo;<a title=\"Arabe classique\" href=\"http:\/\/fr.wikipedia.org\/wiki\/Arabe_classique\">arabe classique<\/a> (pr\u00e9-coranique, coranique, et post-coranique) et l&rsquo;<a title=\"Arabe standard moderne\" href=\"http:\/\/fr.wikipedia.org\/wiki\/Arabe_standard_moderne\">arabe standard moderne<\/a>. Le niveau de <a title=\"Langue vernaculaire\" href=\"http:\/\/fr.wikipedia.org\/wiki\/Langue_vernaculaire\">langue vernaculaire<\/a> comprend toutes les vari\u00e9t\u00e9s des <a title=\"Arabe dialectal\" href=\"http:\/\/fr.wikipedia.org\/wiki\/Arabe_dialectal\">dialectes arabes<\/a> r\u00e9gionaux.<\/p>\n<p>Les vecteurs du rayonnement culturel de la langue arabe sont la <a title=\"Islam\" href=\"http:\/\/fr.wikipedia.org\/wiki\/Islam\">religion islamique<\/a>, la <a title=\"Litt\u00e9rature de langue arabe\" href=\"http:\/\/fr.wikipedia.org\/wiki\/Litt%C3%A9rature_de_langue_arabe\">litt\u00e9rature po\u00e9tique et prosa\u00efque<\/a>, et les m\u00e9dias audiovisuels contemporains dont la <a title=\"Web\" href=\"http:\/\/fr.wikipedia.org\/wiki\/Web\">toile<\/a> (<a title=\"Internet\" href=\"http:\/\/fr.wikipedia.org\/wiki\/Internet\">internet<\/a>). Un vecteur historique important de rayonnement est l&rsquo;apparition <a title=\"Lexicologie\" href=\"http:\/\/fr.wikipedia.org\/wiki\/Lexicologie\">lexicologique<\/a> de termes arabes dans des langues \u00e9trang\u00e8res, telles les <a title=\"Langues romanes\" href=\"http:\/\/fr.wikipedia.org\/wiki\/Langues_romanes\">langues romanes<\/a> dont le <a title=\"Fran\u00e7ais\" href=\"http:\/\/fr.wikipedia.org\/wiki\/Fran%C3%A7ais\">fran\u00e7ais<\/a>.<\/p>\n<p>L&rsquo;\u00e9tude linguistique de l&rsquo;arabe est <a title=\"Prop\u00e9deutique\" href=\"http:\/\/fr.wikipedia.org\/wiki\/Prop%C3%A9deutique\">prop\u00e9deutique<\/a> et grammaticale et se compl\u00e8te par des sciences annexes telle la <a title=\"Lexicologie\" href=\"http:\/\/fr.wikipedia.org\/wiki\/Lexicologie\">lexicologie<\/a>.<\/p>\n<p>L&rsquo;\u00e9tude prop\u00e9deutique se penche sur la <a title=\"Prononciation arabe\" href=\"http:\/\/fr.wikipedia.org\/wiki\/Prononciation_arabe\">prononciation de l&rsquo;arabe<\/a> et se sp\u00e9cialise en <a title=\"Phon\u00e9tique\" href=\"http:\/\/fr.wikipedia.org\/wiki\/Phon%C3%A9tique\">phon\u00e9tique<\/a>, <a title=\"Phonologie de l'arabe\" href=\"http:\/\/fr.wikipedia.org\/wiki\/Phonologie_de_l%27arabe\">phonologie<\/a> et orthophonie de la langue arabe\u00a0; \u00e0 l&rsquo;orthophonie se rattachent les normes de la <a title=\"Cantillation coranique\" href=\"http:\/\/fr.wikipedia.org\/wiki\/Cantillation_coranique\">cantillation coranique<\/a>. L&rsquo;\u00e9tude prop\u00e9deutique vise ensuite l&rsquo;<a title=\"\u00c9criture de l'arabe\" href=\"http:\/\/fr.wikipedia.org\/wiki\/%C3%89criture_de_l%27arabe\">\u00e9criture de la langue arabe<\/a>, qui s&rsquo;\u00e9crit de droite \u00e0 gauche, \u00e0 deux points de vue compl\u00e9mentaires\u00a0: le syst\u00e8me graphique et les modalit\u00e9s de l&rsquo;\u00e9criture arabe. Le syst\u00e8me graphique se compose d&rsquo;un <a title=\"Alphabet arabe\" href=\"http:\/\/fr.wikipedia.org\/wiki\/Alphabet_arabe\">alphabet arabe<\/a> d\u00e9riv\u00e9 de l&rsquo;<a title=\"Alphabet ph\u00e9nicien\" href=\"http:\/\/fr.wikipedia.org\/wiki\/Alphabet_ph%C3%A9nicien\">alphabet ph\u00e9nicien<\/a>, de type <i><a title=\"Abjad\" href=\"http:\/\/fr.wikipedia.org\/wiki\/Abjad\">abjad<\/a><\/i>, qui note exclusivement les <a title=\"Consonne\" href=\"http:\/\/fr.wikipedia.org\/wiki\/Consonne\">consonnes<\/a>, compl\u00e9t\u00e9 par des <a title=\"Diacritique\" href=\"http:\/\/fr.wikipedia.org\/wiki\/Diacritique\">signes diacritiques<\/a> (dont la <i><a title=\"Hamza\" href=\"http:\/\/fr.wikipedia.org\/wiki\/Hamza\">hamza<\/a><\/i>) et des chiffres d\u00e9riv\u00e9s d&rsquo;\u00e9critures indiennes.<\/p>\n<p>La <a title=\"Grammaire arabe\" href=\"http:\/\/fr.wikipedia.org\/wiki\/Grammaire_arabe\">grammaire de la langue arabe<\/a>, <a title=\"Langue flexionnelle\" href=\"http:\/\/fr.wikipedia.org\/wiki\/Langue_flexionnelle\">langue flexionnelle<\/a>, \u00e9tudie la formation des mots (morphologie) et la composition des mots en phrases (syntaxe).<\/p>\n<p>Des sciences linguistiques compl\u00e9mentaires \u00e0 l&rsquo;\u00e9tude de la <a title=\"Grammaire arabe\" href=\"http:\/\/fr.wikipedia.org\/wiki\/Grammaire_arabe\">grammaire<\/a> sont la <a title=\"S\u00e9mantique\" href=\"http:\/\/fr.wikipedia.org\/wiki\/S%C3%A9mantique\">s\u00e9mantique<\/a> et la <a title=\"Stylistique de l'arabe\" href=\"http:\/\/fr.wikipedia.org\/wiki\/Stylistique_de_l%27arabe\">stylistique<\/a> de la langue arabe, ainsi que la <a title=\"Lexicographie arabe\" href=\"http:\/\/fr.wikipedia.org\/wiki\/Lexicographie_arabe\">lexicographie<\/a> qui \u00e9tudie le vocabulaire et permet l&rsquo;\u00e9laboration de dictionnaires.<\/p>\n<h3><a title=\"Site .info de Malek Boualem\" href=\"http:\/\/www.malek-boualem.info\" target=\"_blank\">Malek Boualem<\/a><\/h3>\n","protected":false},"excerpt":{"rendered":"<p>Source WIKIPEDIA L\u2019arabe3 (\u0627\u0644\u0639\u0631\u0628\u064a\u0629, al \u02bfarab\u012bya4) est une langue originaire de la p\u00e9ninsule Arabique. L&rsquo;expansion territoriale au Moyen \u00c2ge et la diffusion du Coran r\u00e9pandent la langue arabe, devenue langue liturgique de l&rsquo;islam, en Asie (Moyen-Orient et Proche-Orient), en Afrique du Nord et en Europe (Chypre, Cr\u00e8te, P\u00e9ninsule ib\u00e9rique, Malte et Sicile). Parl\u00e9e d&rsquo;abord par [&hellip;]<\/p>\n","protected":false},"author":2,"featured_media":0,"parent":95,"menu_order":0,"comment_status":"closed","ping_status":"closed","template":"","meta":{"footnotes":""},"class_list":["post-124","page","type-page","status-publish","hentry"],"_links":{"self":[{"href":"https:\/\/www.malek-boualem.fr\/info\/wp-json\/wp\/v2\/pages\/124","targetHints":{"allow":["GET"]}}],"collection":[{"href":"https:\/\/www.malek-boualem.fr\/info\/wp-json\/wp\/v2\/pages"}],"about":[{"href":"https:\/\/www.malek-boualem.fr\/info\/wp-json\/wp\/v2\/types\/page"}],"author":[{"embeddable":true,"href":"https:\/\/www.malek-boualem.fr\/info\/wp-json\/wp\/v2\/users\/2"}],"replies":[{"embeddable":true,"href":"https:\/\/www.malek-boualem.fr\/info\/wp-json\/wp\/v2\/comments?post=124"}],"version-history":[{"count":0,"href":"https:\/\/www.malek-boualem.fr\/info\/wp-json\/wp\/v2\/pages\/124\/revisions"}],"up":[{"embeddable":true,"href":"https:\/\/www.malek-boualem.fr\/info\/wp-json\/wp\/v2\/pages\/95"}],"wp:attachment":[{"href":"https:\/\/www.malek-boualem.fr\/info\/wp-json\/wp\/v2\/media?parent=124"}],"curies":[{"name":"wp","href":"https:\/\/api.w.org\/{rel}","templated":true}]}}