{"id":80,"date":"2013-03-22T18:58:23","date_gmt":"2013-03-22T17:58:23","guid":{"rendered":"http:\/\/www.malek-boualem.fr\/info\/?page_id=80"},"modified":"2016-07-29T18:18:32","modified_gmt":"2016-07-29T17:18:32","slug":"contenu-de-ce-site","status":"publish","type":"page","link":"https:\/\/www.malek-boualem.fr\/info\/","title":{"rendered":"Contenu de ce site"},"content":{"rendered":"<p><a href=\"http:\/\/www.malek-boualem.fr\/info\/wp-content\/uploads\/sites\/2\/2013\/03\/IMAGE_00019.jpg\"><img loading=\"lazy\" decoding=\"async\" class=\"alignnone size-medium wp-image-158\" src=\"http:\/\/www.malek-boualem.fr\/info\/wp-content\/uploads\/sites\/2\/2013\/03\/IMAGE_00019-300x225.jpg\" alt=\"IMAGE_00019\" width=\"300\" height=\"225\" srcset=\"https:\/\/www.malek-boualem.fr\/info\/wp-content\/uploads\/sites\/2\/2013\/03\/IMAGE_00019-300x225.jpg 300w, https:\/\/www.malek-boualem.fr\/info\/wp-content\/uploads\/sites\/2\/2013\/03\/IMAGE_00019-624x468.jpg 624w, https:\/\/www.malek-boualem.fr\/info\/wp-content\/uploads\/sites\/2\/2013\/03\/IMAGE_00019.jpg 640w\" sizes=\"auto, (max-width: 300px) 100vw, 300px\" \/><\/a><\/p>\n<p>Bienvenue sur le site :<\/p>\n<h2><a title=\"Site .info de Malek Boualem\" href=\"http:\/\/www.malek-boualem.info\" target=\"_blank\">http:\/\/ww.malek-boualem.info<\/a><\/h2>\n<p>Vous trouverez sur ce site essentiellement les documents (PDF) de mes publications scientifiques les plus r\u00e9centes ainsi que quelques textes ou documents concernant mes activit\u00e9s de recherche.<\/p>\n<p>Les publications sont class\u00e9es par th\u00e8mes de comp\u00e9tence :<br \/>\n&#8211; Traduction automatique,<br \/>\n&#8211; TALN (Traitement Automatique du Langage Naturel),<br \/>\n&#8211; Recherche d&rsquo;information cross-lingue ou CLIR,<br \/>\n&#8211; \u00c9dition de textes multilingues,<br \/>\n&#8211; \u00c9dition des langues \u00e0 base d&rsquo;id\u00e9ogrammes,<br \/>\n&#8211; Traitement automatique de la langue arabe,<br \/>\n&#8211; Recherche d&rsquo;information en langue arabe,<br \/>\n&#8211; Multilinguisme et multimodalit\u00e9.<br \/>\n&#8211; etc.<\/p>\n<h3><a title=\"Site .info de Malek Boualem\" href=\"http:\/\/www.malek-boualem.info\" target=\"_blank\">Malek Boualem<\/a><\/h3>\n","protected":false},"excerpt":{"rendered":"<p>Bienvenue sur le site : http:\/\/ww.malek-boualem.info Vous trouverez sur ce site essentiellement les documents (PDF) de mes publications scientifiques les plus r\u00e9centes ainsi que quelques textes ou documents concernant mes activit\u00e9s de recherche. Les publications sont class\u00e9es par th\u00e8mes de comp\u00e9tence : &#8211; Traduction automatique, &#8211; TALN (Traitement Automatique du Langage Naturel), &#8211; Recherche d&rsquo;information [&hellip;]<\/p>\n","protected":false},"author":2,"featured_media":0,"parent":0,"menu_order":0,"comment_status":"closed","ping_status":"closed","template":"","meta":{"footnotes":""},"class_list":["post-80","page","type-page","status-publish","hentry"],"_links":{"self":[{"href":"https:\/\/www.malek-boualem.fr\/info\/wp-json\/wp\/v2\/pages\/80","targetHints":{"allow":["GET"]}}],"collection":[{"href":"https:\/\/www.malek-boualem.fr\/info\/wp-json\/wp\/v2\/pages"}],"about":[{"href":"https:\/\/www.malek-boualem.fr\/info\/wp-json\/wp\/v2\/types\/page"}],"author":[{"embeddable":true,"href":"https:\/\/www.malek-boualem.fr\/info\/wp-json\/wp\/v2\/users\/2"}],"replies":[{"embeddable":true,"href":"https:\/\/www.malek-boualem.fr\/info\/wp-json\/wp\/v2\/comments?post=80"}],"version-history":[{"count":0,"href":"https:\/\/www.malek-boualem.fr\/info\/wp-json\/wp\/v2\/pages\/80\/revisions"}],"wp:attachment":[{"href":"https:\/\/www.malek-boualem.fr\/info\/wp-json\/wp\/v2\/media?parent=80"}],"curies":[{"name":"wp","href":"https:\/\/api.w.org\/{rel}","templated":true}]}}