{"id":61,"date":"2013-04-12T16:39:37","date_gmt":"2013-04-12T15:39:37","guid":{"rendered":"http:\/\/www.malek-boualem.fr\/net\/?page_id=61"},"modified":"2015-05-05T19:34:33","modified_gmt":"2015-05-05T18:34:33","slug":"langoisse","status":"publish","type":"page","link":"https:\/\/www.malek-boualem.fr\/net\/malheurs-de-la-vie\/la-depression\/langoisse\/","title":{"rendered":"Angoisse"},"content":{"rendered":"<h3><span style=\"color: #0000ff;\"><strong>Source WIKIPEDIA<\/strong><\/span><\/h3>\n<p>Le mot <b>angoisse<\/b> regroupe plusieurs sens et d\u00e9finitions mais avant tout elle est une exp\u00e9rience \u00ab\u00a0psychom\u00e9taphysique\u00a0\u00bb<sup id=\"cite_ref-1\"><a href=\"https:\/\/fr.wikipedia.org\/wiki\/Angoisse#cite_note-1\">1<\/a><\/sup>. Avant d&rsquo;\u00eatre consid\u00e9r\u00e9e comme un sujet pour la psychologie, la \u00ab\u00a0sant\u00e9 mentale\u00a0\u00bb et de devenir un march\u00e9 pour les <a title=\"Pharmas\" href=\"https:\/\/fr.wikipedia.org\/wiki\/Pharmas\">Pharmas<\/a>, l&rsquo;angoisse a \u00e9t\u00e9 reconnue comme un ph\u00e9nom\u00e8ne humain universel qui plonge ses racines dans la question de l&rsquo;<a title=\"\u00catre\" href=\"https:\/\/fr.wikipedia.org\/wiki\/%C3%8Atre\">\u00catre<\/a> (qui suis-je, d&rsquo;o\u00f9 est ce que je viens, qu&rsquo;est ce que l\u2019\u00c9ternit\u00e9, le n\u00e9ant, la mort, etc.). La psychopathologie de l&rsquo;angoisse retrouve \u00e0 un niveau individuel un questionnement universel, les deux sont ins\u00e9parables m\u00eame si pratiquement, elles ne doivent pas \u00eatre confondues. <a title=\"Saint Augustin\" href=\"https:\/\/fr.wikipedia.org\/wiki\/Saint_Augustin\">Saint Augustin<\/a>, <a title=\"Blaise Pascal\" href=\"https:\/\/fr.wikipedia.org\/wiki\/Blaise_Pascal\">Pascal<\/a>, <a title=\"Kierkegaard\" href=\"https:\/\/fr.wikipedia.org\/wiki\/Kierkegaard\">Kierkegaard<\/a>, <a title=\"Heidegger\" href=\"https:\/\/fr.wikipedia.org\/wiki\/Heidegger\">Heidegger<\/a>, <a title=\"Jean-Paul Sartre\" href=\"https:\/\/fr.wikipedia.org\/wiki\/Jean-Paul_Sartre\">Jean-Paul Sartre<\/a> parmi les philosophes et <a title=\"Karl Jaspers\" href=\"https:\/\/fr.wikipedia.org\/wiki\/Karl_Jaspers\">Karl Jaspers<\/a> et <a title=\"Pierre Janet\" href=\"https:\/\/fr.wikipedia.org\/wiki\/Pierre_Janet\">Pierre Janet<\/a> pour la psychologie, <a title=\"Sigmund Freud\" href=\"https:\/\/fr.wikipedia.org\/wiki\/Sigmund_Freud\">Sigmund Freud<\/a> <sup id=\"cite_ref-2\"><a href=\"https:\/\/fr.wikipedia.org\/wiki\/Angoisse#cite_note-2\">2<\/a><\/sup> pour la psychanalyse ont chacun trait\u00e9 \u00e0 leur mani\u00e8re cette question de l&rsquo;angoisse, questions sur la mort, les origines, etc. L&rsquo;angoisse n&rsquo;est ni r\u00e9ductible \u00e0 une manifestation psychologique ni \u00e0 une question philosophique, elle est l&rsquo;une et l&rsquo;autre dans ses fondements.<\/p>\n<ol>\n<li>En <a title=\"Philosophie\" href=\"https:\/\/fr.wikipedia.org\/wiki\/Philosophie\">philosophie<\/a>, le sujet a \u00e9t\u00e9 trait\u00e9 par plusieurs auteurs et particuli\u00e8rement l&rsquo;<a title=\"Existentialisme\" href=\"https:\/\/fr.wikipedia.org\/wiki\/Existentialisme\">existentialisme<\/a> pour lequel elle prend la valeur d&rsquo;un questionnement sur la condition humaine.<\/li>\n<li>En <a title=\"Psychopathologie\" href=\"https:\/\/fr.wikipedia.org\/wiki\/Psychopathologie\">psychopathologie<\/a> il d\u00e9signe un \u00e9tat de mal-\u00eatre qui se manifeste par une sensation interne d&rsquo;oppression et de resserrement ressentie au niveau du corps. Ceci s&rsquo;accompagnant g\u00e9n\u00e9ralement d&rsquo;une crainte de malheurs ou de mort imminente contre lesquelles le sujet se sent impuissant. L&rsquo;angoisse n&rsquo;est pas un signe psychopathologique en lui-m\u00eame mais le miroir d&rsquo;un ensemble de ph\u00e9nom\u00e8nes affectifs\u00a0; toutefois, si elle devient trop fr\u00e9quente voire continue l&rsquo;angoisse devient un <a title=\"Sympt\u00f4me\" href=\"https:\/\/fr.wikipedia.org\/wiki\/Sympt%C3%B4me\">sympt\u00f4me<\/a> pouvant \u00eatre corr\u00e9l\u00e9e \u00e0 d&rsquo;autres signes particuliers pour former un <a title=\"Syndrome\" href=\"https:\/\/fr.wikipedia.org\/wiki\/Syndrome\">syndrome<\/a>, ou se pr\u00e9senter de mani\u00e8re isol\u00e9e \u00e0 travers l&rsquo;<a title=\"Anxi\u00e9t\u00e9 g\u00e9n\u00e9ralis\u00e9e\" href=\"https:\/\/fr.wikipedia.org\/wiki\/Anxi%C3%A9t%C3%A9_g%C3%A9n%C3%A9ralis%C3%A9e\">anxi\u00e9t\u00e9 g\u00e9n\u00e9ralis\u00e9e<\/a>, ou <a title=\"N\u00e9vrose d'angoisse\" href=\"https:\/\/fr.wikipedia.org\/wiki\/N%C3%A9vrose_d%27angoisse\">n\u00e9vrose d&rsquo;angoisse<\/a>. Dans certaines situations cliniques, une absence d&rsquo;angoisse peut-\u00eatre aussi alarmante qu&rsquo;un exc\u00e8s.<\/li>\n<li>En <a title=\"Psychanalyse\" href=\"https:\/\/fr.wikipedia.org\/wiki\/Psychanalyse\">psychanalyse<\/a> freudienne, l&rsquo;angoisse est \u00e0 la fois un concept <a title=\"M\u00e9tapsychologie\" href=\"https:\/\/fr.wikipedia.org\/wiki\/M%C3%A9tapsychologie\">m\u00e9tapsychologique<\/a> dans la <a title=\"Premi\u00e8re topique\" href=\"https:\/\/fr.wikipedia.org\/wiki\/Premi%C3%A8re_topique\">premi\u00e8re topique<\/a> puis, retravaill\u00e9e dans <a title=\"Seconde topique\" href=\"https:\/\/fr.wikipedia.org\/wiki\/Seconde_topique\">la deuxi\u00e8me<\/a>, et d\u00e8s lors vue comme la manifestation clinique <i>signal<\/i> d&rsquo;un conflit intrapsychique.<\/li>\n<\/ol>\n<h2><a title=\"Site .NET de Malek Boualem\" href=\"http:\/\/www.malek-boualem.net\" target=\"_blank\">Malek Boualem<\/a><\/h2>\n","protected":false},"excerpt":{"rendered":"<p>Source WIKIPEDIA Le mot angoisse regroupe plusieurs sens et d\u00e9finitions mais avant tout elle est une exp\u00e9rience \u00ab\u00a0psychom\u00e9taphysique\u00a0\u00bb1. Avant d&rsquo;\u00eatre consid\u00e9r\u00e9e comme un sujet pour la psychologie, la \u00ab\u00a0sant\u00e9 mentale\u00a0\u00bb et de devenir un march\u00e9 pour les Pharmas, l&rsquo;angoisse a \u00e9t\u00e9 reconnue comme un ph\u00e9nom\u00e8ne humain universel qui plonge ses racines dans la question de [&hellip;]<\/p>\n","protected":false},"author":2,"featured_media":0,"parent":58,"menu_order":0,"comment_status":"closed","ping_status":"closed","template":"","meta":{"footnotes":""},"class_list":["post-61","page","type-page","status-publish","hentry"],"_links":{"self":[{"href":"https:\/\/www.malek-boualem.fr\/net\/wp-json\/wp\/v2\/pages\/61","targetHints":{"allow":["GET"]}}],"collection":[{"href":"https:\/\/www.malek-boualem.fr\/net\/wp-json\/wp\/v2\/pages"}],"about":[{"href":"https:\/\/www.malek-boualem.fr\/net\/wp-json\/wp\/v2\/types\/page"}],"author":[{"embeddable":true,"href":"https:\/\/www.malek-boualem.fr\/net\/wp-json\/wp\/v2\/users\/2"}],"replies":[{"embeddable":true,"href":"https:\/\/www.malek-boualem.fr\/net\/wp-json\/wp\/v2\/comments?post=61"}],"version-history":[{"count":0,"href":"https:\/\/www.malek-boualem.fr\/net\/wp-json\/wp\/v2\/pages\/61\/revisions"}],"up":[{"embeddable":true,"href":"https:\/\/www.malek-boualem.fr\/net\/wp-json\/wp\/v2\/pages\/58"}],"wp:attachment":[{"href":"https:\/\/www.malek-boualem.fr\/net\/wp-json\/wp\/v2\/media?parent=61"}],"curies":[{"name":"wp","href":"https:\/\/api.w.org\/{rel}","templated":true}]}}