{"id":63,"date":"2013-04-12T16:45:50","date_gmt":"2013-04-12T15:45:50","guid":{"rendered":"http:\/\/www.malek-boualem.fr\/net\/?page_id=63"},"modified":"2015-05-05T19:38:10","modified_gmt":"2015-05-05T18:38:10","slug":"la-peur","status":"publish","type":"page","link":"https:\/\/www.malek-boualem.fr\/net\/malheurs-de-la-vie\/la-peur\/","title":{"rendered":"La peur"},"content":{"rendered":"<h3><span style=\"color: #0000ff;\"><strong>Source WIKIPEDIA<\/strong><\/span><\/h3>\n<p>La <b>peur<\/b> est une <a title=\"\u00c9motion\" href=\"http:\/\/fr.wikipedia.org\/wiki\/%C3%89motion\">\u00e9motion<\/a> ressentie g\u00e9n\u00e9ralement en pr\u00e9sence ou dans la perspective d&rsquo;un <a title=\"Danger\" href=\"http:\/\/fr.wikipedia.org\/wiki\/Danger\">danger<\/a> ou d&rsquo;une <a title=\"Menace\" href=\"http:\/\/fr.wikipedia.org\/wiki\/Menace\">menace<\/a>. En d&rsquo;autres termes, la peur est la capacit\u00e9 de reconna\u00eetre le danger et de le fuir ou de le combattre, \u00e9galement connue sous le terme \u00ab\u00a0<a title=\"R\u00e9ponse combat-fuite\" href=\"http:\/\/fr.wikipedia.org\/wiki\/R%C3%A9ponse_combat-fuite\">r\u00e9ponse combat-fuite<\/a>\u00a0\u00bb.<\/p>\n<p>Par extension, le terme peut aussi d\u00e9signer l&rsquo;appr\u00e9hension li\u00e9e \u00e0 des situations d\u00e9plaisantes ou \u00e0 des animaux r\u00e9pugnants. Il est alors question de <a title=\"Phobie\" href=\"http:\/\/fr.wikipedia.org\/wiki\/Phobie\">phobie<\/a>, mot issu d&rsquo;une racine grecque d\u00e9signant la peur comme notamment la <a title=\"Claustrophobie\" href=\"http:\/\/fr.wikipedia.org\/wiki\/Claustrophobie\">claustrophobie<\/a>, l&rsquo;<a title=\"Acrophobie\" href=\"http:\/\/fr.wikipedia.org\/wiki\/Acrophobie\">acrophobie<\/a>, l&rsquo;<a title=\"Arachnophobie\" href=\"http:\/\/fr.wikipedia.org\/wiki\/Arachnophobie\">arachnophobie<\/a> ou l&rsquo;<a title=\"Agoraphobie\" href=\"http:\/\/fr.wikipedia.org\/wiki\/Agoraphobie\">agoraphobie<\/a>.<\/p>\n<p>D&rsquo;un point de vue neurologique, la peur est essentiellement une activation de l&rsquo;<a title=\"Amygdale (cerveau)\" href=\"http:\/\/fr.wikipedia.org\/wiki\/Amygdale_%28cerveau%29\">amygdale<\/a> (ensemble de noyaux au niveau des lobes temporaux)<sup id=\"cite_ref-1\"><a href=\"http:\/\/fr.wikipedia.org\/wiki\/Peur#cite_note-1\">1<\/a><\/sup>. L&rsquo;activation de l&rsquo;amygdale correspond g\u00e9n\u00e9ralement \u00e0 un sentiment de danger imminent. Elle peut entrainer une inhibition de la pens\u00e9e et pr\u00e9pare l&rsquo;individu \u00e0 fuir ou \u00e0 se d\u00e9fendre.<\/p>\n<p>Certains psychologues tels que John B. Watson, Robert Plutchik et <a title=\"Paul Ekman\" href=\"http:\/\/fr.wikipedia.org\/wiki\/Paul_Ekman\">Paul Ekman<\/a> ont sugg\u00e9r\u00e9 que la peur \u00e9tait cr\u00e9\u00e9e par un flux d&rsquo;\u00e9motions incluant la <a title=\"Joie\" href=\"http:\/\/fr.wikipedia.org\/wiki\/Joie\">joie<\/a>, la <a title=\"Tristesse\" href=\"http:\/\/fr.wikipedia.org\/wiki\/Tristesse\">tristesse<\/a> et la <a title=\"Col\u00e8re\" href=\"http:\/\/fr.wikipedia.org\/wiki\/Col%C3%A8re\">col\u00e8re<\/a>. La peur devrait \u00eatre distingu\u00e9e de l&rsquo;\u00e9tat d&rsquo;<a title=\"Anxi\u00e9t\u00e9\" href=\"http:\/\/fr.wikipedia.org\/wiki\/Anxi%C3%A9t%C3%A9\">anxi\u00e9t\u00e9<\/a>. Par ailleurs, la peur est g\u00e9n\u00e9r\u00e9e par les comportements sp\u00e9cifiques de l&rsquo;\u00e9vitement et de la fuite, alors que l&rsquo;anxi\u00e9t\u00e9 est le r\u00e9sultat de menaces per\u00e7ues comme \u00e9tant incontr\u00f4lables ou in\u00e9vitables<sup id=\"cite_ref-2\"><a href=\"http:\/\/fr.wikipedia.org\/wiki\/Peur#cite_note-2\">2<\/a><\/sup>.<\/p>\n<h2><a title=\"Site .NET de Malek Boualem\" href=\"http:\/\/www.malek-boualem.net\" target=\"_blank\">Malek Boualem<\/a><\/h2>\n","protected":false},"excerpt":{"rendered":"<p>Source WIKIPEDIA La peur est une \u00e9motion ressentie g\u00e9n\u00e9ralement en pr\u00e9sence ou dans la perspective d&rsquo;un danger ou d&rsquo;une menace. En d&rsquo;autres termes, la peur est la capacit\u00e9 de reconna\u00eetre le danger et de le fuir ou de le combattre, \u00e9galement connue sous le terme \u00ab\u00a0r\u00e9ponse combat-fuite\u00a0\u00bb. Par extension, le terme peut aussi d\u00e9signer l&rsquo;appr\u00e9hension [&hellip;]<\/p>\n","protected":false},"author":2,"featured_media":0,"parent":48,"menu_order":0,"comment_status":"closed","ping_status":"closed","template":"","meta":{"footnotes":""},"class_list":["post-63","page","type-page","status-publish","hentry"],"_links":{"self":[{"href":"https:\/\/www.malek-boualem.fr\/net\/wp-json\/wp\/v2\/pages\/63","targetHints":{"allow":["GET"]}}],"collection":[{"href":"https:\/\/www.malek-boualem.fr\/net\/wp-json\/wp\/v2\/pages"}],"about":[{"href":"https:\/\/www.malek-boualem.fr\/net\/wp-json\/wp\/v2\/types\/page"}],"author":[{"embeddable":true,"href":"https:\/\/www.malek-boualem.fr\/net\/wp-json\/wp\/v2\/users\/2"}],"replies":[{"embeddable":true,"href":"https:\/\/www.malek-boualem.fr\/net\/wp-json\/wp\/v2\/comments?post=63"}],"version-history":[{"count":0,"href":"https:\/\/www.malek-boualem.fr\/net\/wp-json\/wp\/v2\/pages\/63\/revisions"}],"up":[{"embeddable":true,"href":"https:\/\/www.malek-boualem.fr\/net\/wp-json\/wp\/v2\/pages\/48"}],"wp:attachment":[{"href":"https:\/\/www.malek-boualem.fr\/net\/wp-json\/wp\/v2\/media?parent=63"}],"curies":[{"name":"wp","href":"https:\/\/api.w.org\/{rel}","templated":true}]}}

<h3><span style="color: #0000ff;"><strong>Source WIKIPEDIA</strong></span></h3>
<p>La <b>peur</b> est une <a title="Émotion" href="http://fr.wikipedia.org/wiki/%C3%89motion">émotion</a> ressentie généralement en présence ou dans la perspective d&rsquo;un <a title="Danger" href="http://fr.wikipedia.org/wiki/Danger">danger</a> ou d&rsquo;une <a title="Menace" href="http://fr.wikipedia.org/wiki/Menace">menace</a>. En d&rsquo;autres termes, la peur est la capacité de reconnaître le danger et de le fuir ou de le combattre, également connue sous le terme « <a title="Réponse combat-fuite" href="http://fr.wikipedia.org/wiki/R%C3%A9ponse_combat-fuite">réponse combat-fuite</a> ».</p>
<p>Par extension, le terme peut aussi désigner l&rsquo;appréhension liée à des situations déplaisantes ou à des animaux répugnants. Il est alors question de <a title="Phobie" href="http://fr.wikipedia.org/wiki/Phobie">phobie</a>, mot issu d&rsquo;une racine grecque désignant la peur comme notamment la <a title="Claustrophobie" href="http://fr.wikipedia.org/wiki/Claustrophobie">claustrophobie</a>, l&rsquo;<a title="Acrophobie" href="http://fr.wikipedia.org/wiki/Acrophobie">acrophobie</a>, l&rsquo;<a title="Arachnophobie" href="http://fr.wikipedia.org/wiki/Arachnophobie">arachnophobie</a> ou l&rsquo;<a title="Agoraphobie" href="http://fr.wikipedia.org/wiki/Agoraphobie">agoraphobie</a>.</p>
<p>D&rsquo;un point de vue neurologique, la peur est essentiellement une activation de l&rsquo;<a title="Amygdale (cerveau)" href="http://fr.wikipedia.org/wiki/Amygdale_%28cerveau%29">amygdale</a> (ensemble de noyaux au niveau des lobes temporaux)<sup id="cite_ref-1"><a href="http://fr.wikipedia.org/wiki/Peur#cite_note-1">1</a></sup>. L&rsquo;activation de l&rsquo;amygdale correspond généralement à un sentiment de danger imminent. Elle peut entrainer une inhibition de la pensée et prépare l&rsquo;individu à fuir ou à se défendre.</p>
<p>Certains psychologues tels que John B. Watson, Robert Plutchik et <a title="Paul Ekman" href="http://fr.wikipedia.org/wiki/Paul_Ekman">Paul Ekman</a> ont suggéré que la peur était créée par un flux d&rsquo;émotions incluant la <a title="Joie" href="http://fr.wikipedia.org/wiki/Joie">joie</a>, la <a title="Tristesse" href="http://fr.wikipedia.org/wiki/Tristesse">tristesse</a> et la <a title="Colère" href="http://fr.wikipedia.org/wiki/Col%C3%A8re">colère</a>. La peur devrait être distinguée de l&rsquo;état d&rsquo;<a title="Anxiété" href="http://fr.wikipedia.org/wiki/Anxi%C3%A9t%C3%A9">anxiété</a>. Par ailleurs, la peur est générée par les comportements spécifiques de l&rsquo;évitement et de la fuite, alors que l&rsquo;anxiété est le résultat de menaces perçues comme étant incontrôlables ou inévitables<sup id="cite_ref-2"><a href="http://fr.wikipedia.org/wiki/Peur#cite_note-2">2</a></sup>.</p>
<h2><a title="Site .NET de Malek Boualem" href="http://www.malek-boualem.net" target="_blank">Malek Boualem</a></h2>

<p>Source WIKIPEDIA La peur est une émotion ressentie généralement en présence ou dans la perspective d&rsquo;un danger ou d&rsquo;une menace. En d&rsquo;autres termes, la peur est la capacité de reconnaître le danger et de le fuir ou de le combattre, également connue sous le terme « réponse combat-fuite ». Par extension, le terme peut aussi désigner l&rsquo;appréhension [&hellip;]</p>
